. Let o be (2 - 38)*-1*(-18)/(-27). Calculate the greatest common divisor of o and t.
6
Suppose 116 = -5*z - 219. Let w = -57 - z. Calculate the greatest common divisor of 80 and w.
10
Suppose 3*g - q = -0*g + 13, 2*g = -2*q - 2. Let t be (-13)/(-3) - (-18)/27. Let j be t/15 - (-134)/g. Calculate the highest common divisor of 9 and j.
9
Suppose -3*k - 84 = -10*k. Let i be k - (-1 + (-1 - -4) + 2). What is the greatest common factor of i and 152?
8
Suppose 6*v - 115 = 71. Let k be -2*(2 + 0) + v. What is the greatest common divisor of 3 and k?
3
Let u be 5/(2*(3 - 5/2)). Suppose 0 = -o - 3, 3*y - u*o - 15 = -8*o. What is the highest common factor of y and 24?
8
Let c = 701 + -246. What is the highest common factor of 65 and c?
65
Suppose -3*l + 195 = -3*n, 0*l = 5*l + 5*n - 325. Let c be (1 - 2)*-585 - 0. Suppose -c = -5*d + l. What is the highest common factor of 52 and d?
26
Suppose -1531 = -5*p - 3*n, 7*p + 1210 = 11*p - 5*n. Calculate the highest common factor of 5 and p.
5
Let a(z) = 188*z - 314. Let p be a(3). Calculate the highest common factor of 30 and p.
10
Suppose 30 = 3*v + 4*r, -v + 0*r - 2*r = -12. Let x be (-1365)/(-14) - v/(-4). Calculate the greatest common factor of x and 33.
33
Let n(l) = -2*l + 16. Let q be n(8). Suppose 7*m - 407 + 141 = q. Calculate the highest common factor of 57 and m.
19
Let c = -18 + 26. Let t be c - (3 + -1) - 3. Suppose 2*i + 32 = 3*g, -t*g + i + 36 = g. Calculate the greatest common factor of g and 1.
1
Let r(n) = n + 46. Let g be r(9). Calculate the highest common factor of 605 and g.
55
Let r = -260 - -327. Calculate the greatest common factor of 67 and r.
67
Suppose 4*k - 38 = 86. What is the highest common divisor of 31 and k?
31
Let d(l) = -2*l - 9. Let o be d(-6). Suppose 0*m + o*m - 39 = 0. Let q = m - 11. Calculate the greatest common divisor of 22 and q.
2
Let x be ((-2)/(-3))/(3/1701). Calculate the highest common factor of x and 14.
14
Suppose 0 = 51*o - 93*o + 7854. What is the greatest common factor of 51 and o?
17
Suppose -k + 56 = 2*r - 174, 0 = -5*r + 5*k + 605. Calculate the highest common divisor of 18 and r.
9
Suppose -10 = 3*o - 8*o. Suppose j = -0*j + o. What is the greatest common divisor of j and 8?
2
Let m be (-6 - -4) + (4 - -307). Let p = -3 + m. What is the highest common factor of p and 18?
18
Let o = -10 - -10. Let z be 2*(o + 1)*8. What is the greatest common factor of 24 and z?
8
Suppose 2*z - 68 = 5*k - 484, 4 = 2*z. What is the greatest common divisor of k and 12?
12
Let c = -59 + 91. Let n = 52 - c. Calculate the greatest common factor of n and 180.
20
Let p(m) be the first derivative of -7*m**2/2 - 16*m - 29. Let x be p(-3). What is the greatest common divisor of x and 65?
5
Suppose 4*i + 7 - 15 = 0. Suppose -2*c + 14 = -4. Suppose -4*d + c = -d. Calculate the highest common divisor of i and d.
1
Let y(g) = -14*g - 9. Let c be y(11). Let s = 228 + c. What is the greatest common divisor of 13 and s?
13
Let w be 192/(-40)*(-59 - 1). Let y(d) = 4*d + 32. Let f be y(0). What is the highest common divisor of w and f?
32
Let g(i) be the second derivative of i**4/4 + i**3 + 15*i**2 - 37*i. Let r be g(-5). Calculate the highest common factor of 15 and r.
15
Let n = -95 - -47. Let t be (-7 + -1)*(-228)/n. Let r = 55 + t. What is the greatest common divisor of 51 and r?
17
Let m(j) = 89*j - 34. Let n be m(2). What is the greatest common divisor of n and 54?
18
Let f be (4/(-6))/((-3)/3546). Let v = f - 545. Calculate the greatest common divisor of 27 and v.
27
Let w be 155 - 4*(-1)/(-2). Let c(v) = -10*v**2 + 63*v + 58. Let f be c(7). What is the highest common factor of f and w?
9
Let v = 59 + -28. What is the highest common divisor of 961 and v?
31
Suppose 0 = 9*l - 11*l - 8. Let t be (9/((-18)/40))/(l/2). What is the highest common factor of 160 and t?
10
Suppose 2*b - 5 = -1. Let m(f) = -f**3 + 25*f**2 + 5*f + 9. Let t be m(25). Suppose -5*k + t - 24 = 0. Calculate the greatest common divisor of b and k.
2
Let o(g) = g**3 - 4*g**2 - 12*g + 5. Let b be o(6). Let q(h) = -h - 2. Let t be q(b). Let r be 90 - -1 - (-7)/t. What is the greatest common factor of r and 36?
18
Let y = -128 - -185. What is the highest common divisor of 57 and y?
57
Let g(k) = -49*k + 1. Let w be g(-1). Let v be 10/20 + (-249)/(-6)*3. What is the highest common divisor of v and w?
25
Let f be 4/(-8) + (-11)/(-2). Let r be 6/2*-2*25/(-3). What is the greatest common divisor of r and f?
5
Let k(j) = -j**3 - j**2 - j + 32. Let m be k(0). What is the greatest common divisor of m and 608?
32
Let d be (7 + -11 - -5)*44. What is the greatest common factor of d and 605?
11
Let n = 642 - -94. Calculate the highest common factor of 128 and n.
32
Suppose 13*m - 220 = 11*m. Let r = 108 + -88. What is the greatest common divisor of r and m?
10
Suppose 66 = -57*w + 54*w. Let n = w - -127. What is the greatest common divisor of n and 15?
15
Let f be (-9 + 19/2)*3*32. Let t = -32 + 22. Let u be (-62)/(-5) - (-4)/t. Calculate the highest common divisor of f and u.
12
Let p = 3 + 2. Let x = 13 - p. Suppose -i + x = i. What is the greatest common factor of 28 and i?
4
Let c(s) = 7*s**2 + 25*s - 14. Let r(g) = -4*g**2 - 13*g + 7. Let h(z) = 3*c(z) + 5*r(z). Let p be h(-11). What is the highest common factor of p and 36?
4
Let x be -1 + 2 + (4 - (3 - 3)). What is the highest common factor of 25 and x?
5
Let k = 35 + -26. Suppose 8 + 0 = 4*s. Suppose 5*u - s*m + 4*m = -3, 4*u = m + 8. What is the greatest common factor of k and u?
1
Let p = -143 - -155. Suppose 10 = -5*m, -23 = -o + m + 21. What is the greatest common divisor of o and p?
6
Suppose -5 + 11 = 2*b. Let z(j) = j**2 + 5*j + 1. Let u be z(-6). Suppose -a + u = -8. What is the greatest common factor of a and b?
3
Let i(b) = -b**2 - 9*b - 4. Let z be i(-6). Suppose z = 3*w - w. Suppose 175 = 4*r + r. What is the greatest common divisor of w and r?
7
Let w = 193 - 112. Let q(o) = 2*o**2 - o - 1. Let a be q(-1). Suppose 0 = -4*n + 16, 0 = 3*g - 0*n - a*n - 154. What is the greatest common divisor of w and g?
27
Let u = 44 - 42. What is the greatest common factor of u and 3?
1
Let j(v) = 6*v - 1. Suppose 28*o = 24*o + 44. Let u be j(o). What is the greatest common factor of 26 and u?
13
Let x be (-9583)/(-7) + (3 - -1)*-1. What is the greatest common factor of 182 and x?
91
Let a be 10 + -7 - (3 + -1)*-344. Let o = -427 + a. Calculate the greatest common factor of o and 24.
24
Let c be (-3 + (2 - (-2)/2))/(-3). Suppose 14*g - 16*g + 18 = c. What is the greatest common factor of 3 and g?
3
Let f(w) = w**3 + 7*w**2 - 2*w + 14. Let z be f(-7). What is the highest common divisor of 112 and z?
28
Let t(x) = -x**3 - 19*x**2 - 4*x - 57. Let b be t(-19). What is the highest common factor of 247 and b?
19
Let p be (443 - 0 - -2) + 5/(-5). Calculate the greatest common factor of p and 12.
12
Suppose 20 = -5*i - x + 97, 3*i + 2*x - 42 = 0. What is the greatest common divisor of i and 128?
16
Let k = 12 - 10. Suppose 0*n = -4*n. Suppose n = u + o + k*o - 129, -5*u + 705 = 3*o. Calculate the greatest common divisor of 16 and u.
16
Let z(i) = -21*i + 3. Suppose -9 = 7*v + 5. Let o be z(v). What is the greatest common factor of o and 30?
15
Suppose -4*g = -3*g + 10. Let d be ((-14)/g)/((-19)/(-95)). Calculate the highest common divisor of 28 and d.
7
Let g be -3 + -4*(-3)/(-6) + 215. Calculate the greatest common factor of g and 30.
30
Suppose 2*x - 5*x = -15. Let d be 1 - (-9)/((-27)/498). Let z = -110 - d. Calculate the greatest common factor of x and z.
5
Suppose 3*y + 121 = 4*h, -5*y + 8*y = 3. What is the greatest common factor of h and 93?
31
Let g be (-10)/(-15) + 2/6. Let c(n) be the second derivative of 50*n**3/3 - n**2/2 + n + 5. Let f be c(g). What is the highest common factor of f and 9?
9
Suppose 8*j - 86 = 42. Suppose -j = 4*c, 2*h - 90 = 3*c - 0*c. Calculate the greatest common factor of 429 and h.
39
Let u(v) = -v**3 + 11*v**2 - 15*v + 108. Let o be u(8). What is the greatest common divisor of 100 and o?
20
Suppose 2084 = 3*n + o, -3 + 15 = -3*o. Let a = n - 486. What is the greatest common factor of 30 and a?
30
Let m = -30 - -42. Suppose 75 + 25 = 5*y. Suppose -y = -2*j + 16. Calculate the highest common factor of m and j.
6
Let m be (1/(-2))/((-3)/60). Sup